{"id":191,"date":"2024-08-20T01:10:01","date_gmt":"2024-08-19T23:10:01","guid":{"rendered":"https:\/\/www.zusklapkova.cz\/web2\/?page_id=191"},"modified":"2024-08-20T01:10:02","modified_gmt":"2024-08-19T23:10:02","slug":"historie-skoly","status":"publish","type":"page","link":"https:\/\/www.zusklapkova.cz\/web2\/historie-skoly\/","title":{"rendered":"Historie \u0161koly"},"content":{"rendered":"\n<p>Historie Z\u00e1kladn\u00ed um\u011bleck\u00e9 \u0161koly, Praha 8, Klapkova 25 sah\u00e1 do roku 1953, kdy se v&nbsp;prostor\u00e1ch b\u00fdval\u00e9 hospody v ulici Na \u017dertv\u00e1ch za\u010dalo vyu\u010dovat h\u0159e na klav\u00edr, housle a hudebn\u00ed nauce. D\u016fle\u017eit\u00fdm mezn\u00edkem se stal rok 1957, ve kter\u00e9m se veden\u00ed \u0161koly ujala pan\u00ed V\u011bra Barv\u00edkov\u00e1, a \u0161kola se p\u0159em\u00edstila do nov\u00e9ho p\u016fsobi\u0161t\u011b ve Voct\u00e1\u0159ov\u011b ulici. Hudebn\u00ed obor se roz\u0161\u00ed\u0159il o dal\u0161\u00ed n\u00e1stroje a postupn\u011b p\u0159ib\u00fdvaly obory tane\u010dn\u00ed, v\u00fdtvarn\u00fd a liter\u00e1rn\u011b-dramatick\u00fd. V roce 1961 se tak stala prvn\u00ed \u010dty\u0159oborovou \u0161kolou v Praze.<\/p>\n\n\n\n<p>S roz\u0161i\u0159ov\u00e1n\u00edm v\u00fduky a stoupaj\u00edc\u00edm z\u00e1jmem ve\u0159ejnosti \u00fazce souvisela pot\u0159eba nov\u00fdch u\u010deben. Proto se \u0161kola p\u0159est\u011bhovala v roce 1980 do objektu b\u00fdval\u00e9 ZD\u0160 v&nbsp;Lindnerov\u011b ulici a \u0159editelkou se stala pan\u00ed Dagmar Remtov\u00e1. Nov\u011b z\u00edskan\u00e9 prostory umo\u017enily prohloubit spolupr\u00e1ci mezi jednotliv\u00fdmi obory. Byly nav\u00e1z\u00e1ny kontakty se vzd\u011bl\u00e1vac\u00edmi institucemi v Ma\u010farsku a N\u011bmeck\u00e9 demokratick\u00e9 republice. Od roku 1988 se ujal veden\u00ed Bc. Miroslav Pikhart.&nbsp;<\/p>\n\n\n\n<p>\u0160kola se d\u00e1le roz\u0161i\u0159ovala, kapacita objektu v Lindnerov\u011b ulici byla vy\u010derp\u00e1na, a tak se tehdej\u0161\u00ed L\u0160U v&nbsp;roce 1990 op\u011bt st\u011bhovala, tentokr\u00e1t do s\u00eddla b\u00fdval\u00e9ho obvodn\u00edho v\u00fdboru Komunistick\u00e9 strany \u010ceskoslovenska. Proto\u017ee tato budova se postupem \u010dasu uk\u00e1zala jako nep\u0159\u00edli\u0161 vhodn\u00e1 pro pot\u0159eby um\u011bleck\u00e9ho vzd\u011bl\u00e1v\u00e1n\u00ed, p\u0159es\u00eddlila v roce 1994 z\u00e1kladn\u00ed um\u011bleck\u00e1 \u0161kola, jak se vzd\u011bl\u00e1vac\u00ed instituce tohoto typu nov\u011b naz\u00fdvaly, do sv\u00e9ho sou\u010dasn\u00e9ho p\u016fsobi\u0161t\u011b v Klapkov\u011b ulici.<\/p>\n\n\n\n<p>Devades\u00e1t\u00e1 l\u00e9ta dvac\u00e1t\u00e9ho stolet\u00ed p\u0159inesla v\u00fdznamn\u00fd rozvoj zahrani\u010dn\u00edch kontakt\u016f, roz\u0161i\u0159uje se spolupr\u00e1ce s partnersk\u00fdmi \u0161kolami v D\u00e1nsku, Skotsku a N\u011bmecku, kter\u00e1 pokra\u010duje i ve 21. stolet\u00ed. Vznikly nov\u00e9 soubory a orchestry, \u017e\u00e1k\u016fm a u\u010ditel\u016fm se dostalo v\u00fdznamn\u00fdch ocen\u011bn\u00ed v dom\u00e1c\u00edch i mezin\u00e1rodn\u00edch sout\u011b\u017e\u00edch. Poda\u0159ilo se tak\u00e9 zrekonstruovat s\u00eddlo \u0161koly, \u010d\u00edm\u017e z\u00edskala kvalitn\u00ed koncertn\u00ed s\u00e1l a nov\u00e9 u\u010debny. V&nbsp;roce 2018 p\u0159evzal veden\u00ed sou\u010dasn\u00fd \u0159editel Mgr. Pavel L\u00e1vi\u010dka. V&nbsp;posledn\u00edch letech \u0161kola \u010delila ne\u010dekan\u00fdm v\u00fdzv\u00e1m souvisej\u00edc\u00edm p\u0159edev\u0161\u00edm s&nbsp;celosv\u011btovou pandemi\u00ed COVID-19. V&nbsp;t\u00e9to nelehk\u00e9 situaci obst\u00e1la se ct\u00ed, pos\u00edlena o nov\u00e9 poznatky umo\u017e\u0148uj\u00edc\u00ed dal\u0161\u00ed zkvalitn\u011bn\u00ed v\u00fduky.<\/p>\n","protected":false},"excerpt":{"rendered":"<p>Historie Z\u00e1kladn\u00ed um\u011bleck\u00e9 \u0161koly, Praha 8, Klapkova 25 sah\u00e1 do roku 1953, kdy se v&nbsp;prostor\u00e1ch b\u00fdval\u00e9 hospody v ulici Na \u017dertv\u00e1ch za\u010dalo vyu\u010dovat h\u0159e na klav\u00edr, housle a hudebn\u00ed nauce. D\u016fle\u017eit\u00fdm mezn\u00edkem se stal rok 1957, ve kter\u00e9m se veden\u00ed \u0161koly ujala pan\u00ed V\u011bra Barv\u00edkov\u00e1, a \u0161kola se p\u0159em\u00edstila do nov\u00e9ho p\u016fsobi\u0161t\u011b ve Voct\u00e1\u0159ov\u011b ulici. &hellip; <a href=\"https:\/\/www.zusklapkova.cz\/web2\/historie-skoly\/\" class=\"more-link\">Pokra\u010dov\u00e1n\u00ed textu <span class=\"screen-reader-text\">Historie \u0161koly<\/span> <span class=\"meta-nav\">&rarr;<\/span><\/a><\/p>\n","protected":false},"author":1,"featured_media":0,"parent":0,"menu_order":0,"comment_status":"closed","ping_status":"closed","template":"","meta":{"footnotes":""},"class_list":["post-191","page","type-page","status-publish","hentry"],"_links":{"self":[{"href":"https:\/\/www.zusklapkova.cz\/web2\/wp-json\/wp\/v2\/pages\/191","targetHints":{"allow":["GET"]}}],"collection":[{"href":"https:\/\/www.zusklapkova.cz\/web2\/wp-json\/wp\/v2\/pages"}],"about":[{"href":"https:\/\/www.zusklapkova.cz\/web2\/wp-json\/wp\/v2\/types\/page"}],"author":[{"embeddable":true,"href":"https:\/\/www.zusklapkova.cz\/web2\/wp-json\/wp\/v2\/users\/1"}],"replies":[{"embeddable":true,"href":"https:\/\/www.zusklapkova.cz\/web2\/wp-json\/wp\/v2\/comments?post=191"}],"version-history":[{"count":1,"href":"https:\/\/www.zusklapkova.cz\/web2\/wp-json\/wp\/v2\/pages\/191\/revisions"}],"predecessor-version":[{"id":192,"href":"https:\/\/www.zusklapkova.cz\/web2\/wp-json\/wp\/v2\/pages\/191\/revisions\/192"}],"wp:attachment":[{"href":"https:\/\/www.zusklapkova.cz\/web2\/wp-json\/wp\/v2\/media?parent=191"}],"curies":[{"name":"wp","href":"https:\/\/api.w.org\/{rel}","templated":true}]}}