{"id":184,"date":"2024-08-19T11:33:30","date_gmt":"2024-08-19T09:33:30","guid":{"rendered":"https:\/\/www.zusklapkova.cz\/web2\/?page_id=184"},"modified":"2024-08-20T01:20:13","modified_gmt":"2024-08-19T23:20:13","slug":"kontakty","status":"publish","type":"page","link":"https:\/\/www.zusklapkova.cz\/web2\/kontakty\/","title":{"rendered":"Kontakty"},"content":{"rendered":"\n<figure class=\"wp-block-table\"><table><tbody><tr><td>N\u00e1zev \u0161koly:<\/td><td>Z\u00e1kladn\u00ed um\u011bleck\u00e1 \u0161kola, Praha 8, Klapkova 25<\/td><\/tr><tr><td>Pr\u00e1vn\u00ed forma:<\/td><td>P\u0159\u00edsp\u011bvkov\u00e1 organizace<\/td><\/tr><tr><td>Z\u0159izovatel:<\/td><td>hlavn\u00ed m\u011bsto Praha<\/td><\/tr><tr><td>I\u010c:<\/td><td>45242593<\/td><\/tr><tr><td>IZO:<\/td><td>102385530<\/td><\/tr><tr><td>Adresa:<\/td><td>Klapkova 156\/25, 182 00 Praha 8<br>telefon: 284&nbsp;681&nbsp;143<\/td><\/tr><tr><td>Datov\u00e1 schr\u00e1nka:<\/td><td><strong>r3uyduz<\/strong><\/td><\/tr><tr><td>\u0158editel:<\/td><td>Mgr. Pavel L\u00e1vi\u010dka<br>telefon: 284&nbsp;686&nbsp;140<br>e-mail:&nbsp;<a href=\"mailto:pavel.lavicka@zusklapkova.cz\">pavel.lavicka@zusklapkova.cz<\/a><\/td><\/tr><tr><td>Z\u00e1stupce \u0159editele:<\/td><td>Ladislav Glaser<br>telefon: 284&nbsp;686&nbsp;157<br>e-mail:&nbsp;<a href=\"mailto:ladislav.glaser@zusklapkova.cz\">ladislav.glaser@zusklapkova.cz<\/a><\/td><\/tr><tr><td>Hospod\u00e1\u0159ka:<\/td><td>Ivana \u010cerven\u00e1<br>telefon: 284&nbsp;681&nbsp;143<br>e-mail:&nbsp;<a href=\"mailto:ivana.cervena@zusklapkova.cz\">ivana.cervena@zusklapkova.cz<\/a><\/td><\/tr><tr><td>Recepce:<\/td><td>Jaroslava \u010ceganov\u00e1<br>\u0160arlota Vinkl\u00e1\u0159ov\u00e1<br>telefon: 778 433 859<br>e-mail: recepce@zusklapkova.cz<\/td><\/tr><tr><td>Pov\u011b\u0159enec pro ochranu osobn\u00edch \u00fadaj\u016f:<\/td><td>Ing. Petr Nacher<br>e-mail:&nbsp;<a href=\"mailto:nacher@petersoft.cz\">nacher@petersoft.cz&nbsp;<\/a><\/td><\/tr><\/tbody><\/table><\/figure>\n","protected":false},"excerpt":{"rendered":"<p>N\u00e1zev \u0161koly: Z\u00e1kladn\u00ed um\u011bleck\u00e1 \u0161kola, Praha 8, Klapkova 25 Pr\u00e1vn\u00ed forma: P\u0159\u00edsp\u011bvkov\u00e1 organizace Z\u0159izovatel: hlavn\u00ed m\u011bsto Praha I\u010c: 45242593 IZO: 102385530 Adresa: Klapkova 156\/25, 182 00 Praha 8telefon: 284&nbsp;681&nbsp;143 Datov\u00e1 schr\u00e1nka: r3uyduz \u0158editel: Mgr. Pavel L\u00e1vi\u010dkatelefon: 284&nbsp;686&nbsp;140e-mail:&nbsp;pavel.lavicka@zusklapkova.cz Z\u00e1stupce \u0159editele: Ladislav Glasertelefon: 284&nbsp;686&nbsp;157e-mail:&nbsp;ladislav.glaser@zusklapkova.cz Hospod\u00e1\u0159ka: Ivana \u010cerven\u00e1telefon: 284&nbsp;681&nbsp;143e-mail:&nbsp;ivana.cervena@zusklapkova.cz Recepce: Jaroslava \u010ceganov\u00e1\u0160arlota Vinkl\u00e1\u0159ov\u00e1telefon: 778 433 859e-mail: recepce@zusklapkova.cz Pov\u011b\u0159enec &hellip; <a href=\"https:\/\/www.zusklapkova.cz\/web2\/kontakty\/\" class=\"more-link\">Pokra\u010dov\u00e1n\u00ed textu <span class=\"screen-reader-text\">Kontakty<\/span> <span class=\"meta-nav\">&rarr;<\/span><\/a><\/p>\n","protected":false},"author":1,"featured_media":0,"parent":0,"menu_order":0,"comment_status":"closed","ping_status":"closed","template":"","meta":{"footnotes":""},"class_list":["post-184","page","type-page","status-publish","hentry"],"_links":{"self":[{"href":"https:\/\/www.zusklapkova.cz\/web2\/wp-json\/wp\/v2\/pages\/184","targetHints":{"allow":["GET"]}}],"collection":[{"href":"https:\/\/www.zusklapkova.cz\/web2\/wp-json\/wp\/v2\/pages"}],"about":[{"href":"https:\/\/www.zusklapkova.cz\/web2\/wp-json\/wp\/v2\/types\/page"}],"author":[{"embeddable":true,"href":"https:\/\/www.zusklapkova.cz\/web2\/wp-json\/wp\/v2\/users\/1"}],"replies":[{"embeddable":true,"href":"https:\/\/www.zusklapkova.cz\/web2\/wp-json\/wp\/v2\/comments?post=184"}],"version-history":[{"count":2,"href":"https:\/\/www.zusklapkova.cz\/web2\/wp-json\/wp\/v2\/pages\/184\/revisions"}],"predecessor-version":[{"id":195,"href":"https:\/\/www.zusklapkova.cz\/web2\/wp-json\/wp\/v2\/pages\/184\/revisions\/195"}],"wp:attachment":[{"href":"https:\/\/www.zusklapkova.cz\/web2\/wp-json\/wp\/v2\/media?parent=184"}],"curies":[{"name":"wp","href":"https:\/\/api.w.org\/{rel}","templated":true}]}}